{"id":27,"date":"2019-01-12T12:50:55","date_gmt":"2019-01-12T12:50:55","guid":{"rendered":"http:\/\/woestmann-sportpferde.com\/?page_id=27"},"modified":"2024-01-19T19:33:48","modified_gmt":"2024-01-19T19:33:48","slug":"ueber-uns","status":"publish","type":"page","link":"https:\/\/woestmann-sportpferde.com\/?page_id=27","title":{"rendered":"\u00dcber uns"},"content":{"rendered":"<div class=\"wp-block-image\">\n<figure class=\"aligncenter size-medium\"><img decoding=\"async\" loading=\"lazy\" width=\"300\" height=\"200\" src=\"http:\/\/woestmann-sportpferde.com\/wp-content\/uploads\/2019\/01\/IMG_0170-300x200.jpg\" alt=\"\" class=\"wp-image-10\" srcset=\"https:\/\/woestmann-sportpferde.com\/wp-content\/uploads\/2019\/01\/IMG_0170-300x200.jpg 300w, https:\/\/woestmann-sportpferde.com\/wp-content\/uploads\/2019\/01\/IMG_0170-768x513.jpg 768w, https:\/\/woestmann-sportpferde.com\/wp-content\/uploads\/2019\/01\/IMG_0170-1024x684.jpg 1024w\" sizes=\"(max-width: 300px) 100vw, 300px\" \/><\/figure><\/div>\n\n\n<h2 class=\"wp-block-heading has-text-align-center\">Dr. Alfons Woestmann<\/h2>\n\n\n\n<p class=\"has-text-align-center\">Geboren 1958 im Pferdeland Westfalen, aufgewachsen im l\u00e4ndlichen m\u00fcnsterl\u00e4nder Reitsport ist er seit fr\u00fchester Kindheit vom Pferdevirus infiziert. Nach einem Agrar Ingenieur Studium mit anschlie\u00dfender Promotion in der Tierzucht in Bonn,&nbsp; arbeitete er f\u00fcr Boehringer Ingelheim Animal Health&nbsp;im Inland und Ausland (Mexiko, D\u00e4nemark)<\/p>\n\n\n\n<p>Nun hat er die Zeit sich vollkommen auf seine Leidenschaft f\u00fcr Pferdezucht und Sport zu Konzentrieren.<\/p>\n\n\n\n<p><em>Born 1958 in the German horse county of Westfalia, and grown up in the traditional regional riding scenery \u2013 infected by the \u201chorse virus\u201d at a very early age. After finishing agricultural studies, worked several stations in Germany and abroad (Mexico, Denmark) for the Animal health company Boehringer Ingelheim.<\/em><\/p>\n\n\n\n<p><em>Today he can focus on his stable an the breeding of future champions.<\/em><\/p>\n\n\n\n<hr class=\"wp-block-separator has-css-opacity\"\/>\n\n\n<div class=\"wp-block-image\">\n<figure class=\"aligncenter size-medium\"><img decoding=\"async\" loading=\"lazy\" width=\"300\" height=\"225\" src=\"http:\/\/woestmann-sportpferde.com\/wp-content\/uploads\/2022\/11\/IMG-20190904-WA0003-edited-300x225.jpg\" alt=\"\" class=\"wp-image-1092\" srcset=\"https:\/\/woestmann-sportpferde.com\/wp-content\/uploads\/2022\/11\/IMG-20190904-WA0003-edited-300x225.jpg 300w, https:\/\/woestmann-sportpferde.com\/wp-content\/uploads\/2022\/11\/IMG-20190904-WA0003-edited-768x576.jpg 768w, https:\/\/woestmann-sportpferde.com\/wp-content\/uploads\/2022\/11\/IMG-20190904-WA0003-edited.jpg 841w\" sizes=\"(max-width: 300px) 100vw, 300px\" \/><\/figure><\/div>\n\n<div class=\"wp-block-image\">\n<figure class=\"aligncenter size-medium\"><img decoding=\"async\" loading=\"lazy\" width=\"300\" height=\"225\" src=\"http:\/\/woestmann-sportpferde.com\/wp-content\/uploads\/2022\/11\/01d26a26-1e27-495f-b3b3-389fedc2dc9d-300x225.jpg\" alt=\"\" class=\"wp-image-1097\" srcset=\"https:\/\/woestmann-sportpferde.com\/wp-content\/uploads\/2022\/11\/01d26a26-1e27-495f-b3b3-389fedc2dc9d-300x225.jpg 300w, https:\/\/woestmann-sportpferde.com\/wp-content\/uploads\/2022\/11\/01d26a26-1e27-495f-b3b3-389fedc2dc9d-768x576.jpg 768w, https:\/\/woestmann-sportpferde.com\/wp-content\/uploads\/2022\/11\/01d26a26-1e27-495f-b3b3-389fedc2dc9d-900x675.jpg 900w, https:\/\/woestmann-sportpferde.com\/wp-content\/uploads\/2022\/11\/01d26a26-1e27-495f-b3b3-389fedc2dc9d.jpg 1024w\" sizes=\"(max-width: 300px) 100vw, 300px\" \/><\/figure><\/div>\n\n\n<h2 class=\"wp-block-heading has-text-align-center\">Bettina Eckl<\/h2>\n\n\n\n<hr class=\"wp-block-separator has-css-opacity\"\/>\n\n\n<div class=\"wp-block-image\">\n<figure class=\"aligncenter size-medium\"><img decoding=\"async\" loading=\"lazy\" width=\"300\" height=\"300\" src=\"http:\/\/woestmann-sportpferde.com\/wp-content\/uploads\/2022\/11\/img_6250-300x300.jpg\" alt=\"\" class=\"wp-image-1095\" srcset=\"https:\/\/woestmann-sportpferde.com\/wp-content\/uploads\/2022\/11\/img_6250-300x300.jpg 300w, https:\/\/woestmann-sportpferde.com\/wp-content\/uploads\/2022\/11\/img_6250-1024x1024.jpg 1024w, https:\/\/woestmann-sportpferde.com\/wp-content\/uploads\/2022\/11\/img_6250-150x150.jpg 150w, https:\/\/woestmann-sportpferde.com\/wp-content\/uploads\/2022\/11\/img_6250-768x768.jpg 768w, https:\/\/woestmann-sportpferde.com\/wp-content\/uploads\/2022\/11\/img_6250-88x88.jpg 88w, https:\/\/woestmann-sportpferde.com\/wp-content\/uploads\/2022\/11\/img_6250-900x900.jpg 900w, https:\/\/woestmann-sportpferde.com\/wp-content\/uploads\/2022\/11\/img_6250.jpg 1125w\" sizes=\"(max-width: 300px) 100vw, 300px\" \/><\/figure><\/div>\n\n\n<h2 class=\"wp-block-heading has-text-align-center\">Melanie Bischof<\/h2>\n\n\n\n<hr class=\"wp-block-separator has-css-opacity\"\/>\n\n\n<div class=\"wp-block-image\">\n<figure class=\"aligncenter size-medium\"><img decoding=\"async\" loading=\"lazy\" width=\"200\" height=\"300\" src=\"https:\/\/woestmann-sportpferde.com\/wp-content\/uploads\/2023\/10\/PHOTO-2023-10-13-11-58-00-3-200x300.jpg\" alt=\"\" class=\"wp-image-1492\" srcset=\"https:\/\/woestmann-sportpferde.com\/wp-content\/uploads\/2023\/10\/PHOTO-2023-10-13-11-58-00-3-200x300.jpg 200w, https:\/\/woestmann-sportpferde.com\/wp-content\/uploads\/2023\/10\/PHOTO-2023-10-13-11-58-00-3-683x1024.jpg 683w, https:\/\/woestmann-sportpferde.com\/wp-content\/uploads\/2023\/10\/PHOTO-2023-10-13-11-58-00-3-768x1151.jpg 768w, https:\/\/woestmann-sportpferde.com\/wp-content\/uploads\/2023\/10\/PHOTO-2023-10-13-11-58-00-3-1025x1536.jpg 1025w, https:\/\/woestmann-sportpferde.com\/wp-content\/uploads\/2023\/10\/PHOTO-2023-10-13-11-58-00-3-900x1349.jpg 900w, https:\/\/woestmann-sportpferde.com\/wp-content\/uploads\/2023\/10\/PHOTO-2023-10-13-11-58-00-3-1280x1919.jpg 1280w, https:\/\/woestmann-sportpferde.com\/wp-content\/uploads\/2023\/10\/PHOTO-2023-10-13-11-58-00-3.jpg 1366w\" sizes=\"(max-width: 200px) 100vw, 200px\" \/><\/figure><\/div>\n\n\n<h2 class=\"wp-block-heading has-text-align-center\">Julia Heckel<\/h2>\n\n\n\n<hr class=\"wp-block-separator has-alpha-channel-opacity\"\/>\n\n\n<div class=\"wp-block-image\">\n<figure class=\"aligncenter size-medium\"><img decoding=\"async\" loading=\"lazy\" width=\"225\" height=\"300\" src=\"https:\/\/woestmann-sportpferde.com\/wp-content\/uploads\/2024\/01\/PHOTO-2023-12-21-12-25-07-225x300.jpg\" alt=\"\" class=\"wp-image-1541\" srcset=\"https:\/\/woestmann-sportpferde.com\/wp-content\/uploads\/2024\/01\/PHOTO-2023-12-21-12-25-07-225x300.jpg 225w, https:\/\/woestmann-sportpferde.com\/wp-content\/uploads\/2024\/01\/PHOTO-2023-12-21-12-25-07-768x1024.jpg 768w, https:\/\/woestmann-sportpferde.com\/wp-content\/uploads\/2024\/01\/PHOTO-2023-12-21-12-25-07-1152x1536.jpg 1152w, https:\/\/woestmann-sportpferde.com\/wp-content\/uploads\/2024\/01\/PHOTO-2023-12-21-12-25-07-900x1200.jpg 900w, https:\/\/woestmann-sportpferde.com\/wp-content\/uploads\/2024\/01\/PHOTO-2023-12-21-12-25-07-1280x1707.jpg 1280w, https:\/\/woestmann-sportpferde.com\/wp-content\/uploads\/2024\/01\/PHOTO-2023-12-21-12-25-07.jpg 1536w\" sizes=\"(max-width: 225px) 100vw, 225px\" \/><\/figure><\/div>\n\n\n<h2 class=\"wp-block-heading has-text-align-center\">Anna Lena D\u00f6lger<\/h2>\n\n\n\n<hr class=\"wp-block-separator has-css-opacity\"\/>\n\n\n<div class=\"wp-block-image\">\n<figure class=\"aligncenter size-medium\"><img decoding=\"async\" loading=\"lazy\" width=\"300\" height=\"200\" src=\"https:\/\/woestmann-sportpferde.com\/wp-content\/uploads\/2023\/09\/laurabeyingfotografie_LB_02569_Original-priv.-Nutzung-_301021f4_-300x200.jpg\" alt=\"\" class=\"wp-image-1433\" style=\"aspect-ratio:1;object-fit:cover\" srcset=\"https:\/\/woestmann-sportpferde.com\/wp-content\/uploads\/2023\/09\/laurabeyingfotografie_LB_02569_Original-priv.-Nutzung-_301021f4_-300x200.jpg 300w, https:\/\/woestmann-sportpferde.com\/wp-content\/uploads\/2023\/09\/laurabeyingfotografie_LB_02569_Original-priv.-Nutzung-_301021f4_-1024x683.jpg 1024w, https:\/\/woestmann-sportpferde.com\/wp-content\/uploads\/2023\/09\/laurabeyingfotografie_LB_02569_Original-priv.-Nutzung-_301021f4_-768x512.jpg 768w, https:\/\/woestmann-sportpferde.com\/wp-content\/uploads\/2023\/09\/laurabeyingfotografie_LB_02569_Original-priv.-Nutzung-_301021f4_-1536x1024.jpg 1536w, https:\/\/woestmann-sportpferde.com\/wp-content\/uploads\/2023\/09\/laurabeyingfotografie_LB_02569_Original-priv.-Nutzung-_301021f4_-2048x1365.jpg 2048w, https:\/\/woestmann-sportpferde.com\/wp-content\/uploads\/2023\/09\/laurabeyingfotografie_LB_02569_Original-priv.-Nutzung-_301021f4_-900x600.jpg 900w, https:\/\/woestmann-sportpferde.com\/wp-content\/uploads\/2023\/09\/laurabeyingfotografie_LB_02569_Original-priv.-Nutzung-_301021f4_-1280x853.jpg 1280w\" sizes=\"(max-width: 300px) 100vw, 300px\" \/><\/figure><\/div>\n\n\n<h2 class=\"wp-block-heading has-text-align-center\">Manuela Gorski<\/h2>\n\n\n\n<hr class=\"wp-block-separator has-css-opacity\"\/>\n\n\n\n<p><\/p>\n","protected":false},"excerpt":{"rendered":"<p>Dr. Alfons Woestmann Geboren 1958 im Pferdeland Westfalen, aufgewachsen im l\u00e4ndlichen m\u00fcnsterl\u00e4nder Reitsport ist er seit fr\u00fchester Kindheit vom Pferdevirus infiziert. Nach einem Agrar Ingenieur Studium mit anschlie\u00dfender Promotion in der Tierzucht in Bonn,&nbsp; arbeitete er f\u00fcr Boehringer Ingelheim Animal Health&nbsp;im Inland und Ausland (Mexiko, D\u00e4nemark) Nun hat er die Zeit sich vollkommen auf seine [&hellip;]<\/p>\n","protected":false},"author":1,"featured_media":0,"parent":2,"menu_order":0,"comment_status":"closed","ping_status":"closed","template":"","meta":{"footnotes":""},"_links":{"self":[{"href":"https:\/\/woestmann-sportpferde.com\/index.php?rest_route=\/wp\/v2\/pages\/27"}],"collection":[{"href":"https:\/\/woestmann-sportpferde.com\/index.php?rest_route=\/wp\/v2\/pages"}],"about":[{"href":"https:\/\/woestmann-sportpferde.com\/index.php?rest_route=\/wp\/v2\/types\/page"}],"author":[{"embeddable":true,"href":"https:\/\/woestmann-sportpferde.com\/index.php?rest_route=\/wp\/v2\/users\/1"}],"replies":[{"embeddable":true,"href":"https:\/\/woestmann-sportpferde.com\/index.php?rest_route=%2Fwp%2Fv2%2Fcomments&post=27"}],"version-history":[{"count":18,"href":"https:\/\/woestmann-sportpferde.com\/index.php?rest_route=\/wp\/v2\/pages\/27\/revisions"}],"predecessor-version":[{"id":1542,"href":"https:\/\/woestmann-sportpferde.com\/index.php?rest_route=\/wp\/v2\/pages\/27\/revisions\/1542"}],"up":[{"embeddable":true,"href":"https:\/\/woestmann-sportpferde.com\/index.php?rest_route=\/wp\/v2\/pages\/2"}],"wp:attachment":[{"href":"https:\/\/woestmann-sportpferde.com\/index.php?rest_route=%2Fwp%2Fv2%2Fmedia&parent=27"}],"curies":[{"name":"wp","href":"https:\/\/api.w.org\/{rel}","templated":true}]}}